 20638*h + 61958. Give d(-3).
44
Let j(k) = -905*k + 29837. Determine j(33).
-28
Let i(f) = -f**2 - 1810*f + 366910. Give i(184).
14
Let c(i) = -2*i**3 - 382*i**2 - 9*i - 1701. Determine c(-191).
18
Let w(f) = -f**3 + 88*f**2 - 353*f + 1357. What is w(84)?
-71
Let h(o) = 2*o**3 - 223*o**2 + 2565*o - 125999. Determine h(105).
1
Let u(r) = 18*r**3 - 19*r**2 - 457*r + 477. Determine u(1).
19
Let p(b) = -b**3 - 65*b**2 - 376*b + 27. Determine p(-5).
407
Let k(m) = -260*m - 8554. Give k(-33).
26
Let z(r) = -13*r**3 + 5198*r**2 + 27137*r - 809. Determine z(405).
1
Let n(t) = 2*t**3 - 25*t**2 + 832*t - 11275. Determine n(13).
-290
Let u(l) = 105673*l + 2853138. Give u(-27).
-33
Let q(g) = g**3 - 10*g**2 + 140*g - 46. Determine q(0).
-46
Let m(z) = 32355*z + 258853. Determine m(-8).
13
Let s(l) = -165*l - 206. What is s(8)?
-1526
Let a(k) = 9*k**2 - 1288*k - 6665. Calculate a(-5).
0
Let i(b) = -2*b**3 - 35*b**2 - 192*b - 339. Give i(-5).
-4
Let a(y) = 13*y**2 + 7051*y + 37573. What is a(-537)?
-17
Let m(n) = -8*n**2 + 183*n + 427. Calculate m(25).
2
Let p(j) = -1637*j - 335598. What is p(-205)?
-13
Let r(t) = 3*t**3 - 143*t**2 + 178*t - 3911. Calculate r(47).
37
Let k(n) = -371*n**2 + 94589*n + 4076. What is k(255)?
-4
Let r(f) = 154*f**2 + 2038*f + 423. Give r(-13).
-45
Let q(v) = 2*v**3 + 67*v**2 - 186*v - 68. Calculate q(3).
31
Let k(f) = -f**3 + 98*f**2 + 16*f + 8039. Give k(99).
-178
Let v(p) = -p**3 + 2*p**2 - 1627*p - 6522. Calculate v(-4).
82
Let j(b) = b**2 + 4257*b - 154533. Determine j(36).
15
Let p(l) = 924*l - 1407. Determine p(1).
-483
Let s(h) = -10*h**3 + 69*h**2 - 64*h + 53. Determine s(6).
-7
Let y(g) = -5979*g + 17891. Calculate y(3).
-46
Let q(h) = 24*h**2 + 14239*h + 4183. What is q(-593)?
32
Let l(u) = -u**3 + 7*u**2 - 234*u + 688. Determine l(3).
22
Let p(m) = -2225*m - 743170. Calculate p(-334).
-20
Let l(f) = -f**3 + 276*f**2 - 15564*f + 33. Calculate l(79).
-46
Let j(n) = -n**3 - 91*n**2 - 425*n + 304. What is j(-86)?
-126
Let n(t) = -4*t**2 + 778*t - 6068. Give n(8).
-100
Let w(p) = 2227*p - 329543. What is w(148)?
53
Let d(h) = 3*h**2 + 1079*h - 123582. What is d(-451)?
-8
Let z(b) = b**2 + 920*b + 61757. Calculate z(-73).
-74
Let y(x) = x**3 + 343*x**2 + 2352*x - 153. Give y(-336).
-153
Let r(p) = p**3 + 2*p**2 + 2820*p + 17068. What is r(-6)?
4
Let y(p) = -10*p**2 + 2621*p + 10492. Determine y(-4).
-152
Let b(v) = 4*v**3 - 111*v**2 - 152*v + 188. Determine b(-2).
16
Let p(m) = -2*m**3 - 115*m**2 - 3*m + 9271. Determine p(-56).
31
Let g(j) = j**3 - 215*j**2 + 8660*j + 1833. Calculate g(54).
-3
Let n(d) = -d**3 - 113*d**2 + 1427*d + 7830. What is n(-124)?
18
Let x(w) = w**2 + 49058*w + 441351. Give x(-9).
-90
Let h(s) = -s**3 - 30*s**2 + 121*s + 721. Calculate h(-33).
-5
Let l(m) = -4371*m - 192362. Calculate l(-44).
-38
Let l(s) = -12285*s + 479214. Give l(39).
99
Let b(j) = j**2 - 112*j - 598. Determine b(93).
-2365
Let n(g) = 4627*g - 36988. What is n(8)?
28
Let c(w) = 148*w**2 + 127*w + 324. Give c(-4).
2184
Let a(l) = 28*l**2 + 24*l - 557. Calculate a(-9).
1495
Let x(a) = -3476*a + 7010. Give x(2).
58
Let b(o) = -1214*o - 49910. What is b(-41)?
-136
Let b(r) = -23559*r - 447624. Calculate b(-19).
-3
Let i(y) = 8216*y - 2826297. What is i(344)?
7
Let v(l) = 8*l**2 + 151*l - 3693. Give v(14).
-11
Let x(q) = q**3 + 51*q**2 + 198*q - 121. Determine x(-47).
-591
Let o(v) = v**2 - 4362*v - 65896. What is o(-15)?
-241
Let h(c) = -5*c**3 + 54*c**2 - 159*c + 112. What is h(6)?
22
Let g(q) = 3*q**2 - 12*q - 28190. Give g(99).
25
Let w(d) = -d**3 + 126*d**2 + 5635*d - 5. Give w(161).
-5
Let h(f) = -355*f - 3980. What is h(-10)?
-430
Let b(q) = 3*q**3 + q**2 + 3566*q - 7145. What is b(2)?
15
Let b(y) = 2*y**2 + 124*y - 640. Give b(-72).
800
Let z(b) = -588*b**3 + 25*b**2 - 2*b + 1. Determine z(1).
-564
Let a(m) = -m**3 - 145*m**2 + 755*m + 690. Calculate a(-150).
-60
Let d(q) = 1153*q + 226015. Determine d(-196).
27
Let t(h) = -2*h**2 + 297*h - 1809. Determine t(142).
37
Let p(g) = -2*g**3 - 39*g**2 - g + 507. Give p(-19).
165
Let l(j) = 11692*j - 58462. Calculate l(5).
-2
Let q(v) = 4*v**3 + 19*v**2 - 77*v + 70. Determine q(3).
118
Let a(j) = j**3 + 108*j**2 - 101*j + 435. What is a(-109)?
-437
Let i(a) = a**2 - 2569*a - 96423. Determine i(-37).
-1
Let j(p) = -889*p**2 + 64909*p + 55. What is j(73)?
931
Let a(d) = 4*d**2 + 313*d + 3449. Determine a(-13).
56
Let o(k) = -k**3 - 46*k**2 - 124*k - 4521. Determine o(-44).
-2937
Let n(p) = 28838*p + 403746. Determine n(-14).
14
Let q(h) = 91443*h - 4206382. What is q(46)?
-4
Let p(l) = -67*l**2 + 652*l + 173. Give p(10).
-7
Let w(q) = -19*q**3 + 137*q**2 - 16*q - 20. What is w(7)?
64
Let s(l) = l**3 - 70*l**2 - 31169*l + 871. Give s(-145).
1
Let o(d) = -33712*d + 1517042. Give o(45).
2
Let v(s) = -s**3 + 113*s**2 + 470*s + 465. What is v(117)?
699
Let z(j) = -46271*j - 93585. Calculate z(-2).
-1043
Let i(g) = -6*g**2 - 2932*g - 118986. Calculate i(-444).
6
Let k(l) = 7068*l + 1137901. What is k(-161)?
-47
Let i(z) = -11*z**2 + 35*z - 57. Give i(9).
-633
Let f(u) = 2*u**3 + 66*u**2 + 473*u + 9. Calculate f(-7).
-754
Let g(s) = 483*s + 50019. What is g(-102)?
753
Let q(u) = -64457*u - 2578294. What is q(-40)?
-14
Let a(d) = 321*d**2 + 3204*d - 95. Determine a(-10).
-35
Let r(t) = 5*t**2 + 348*t + 2258. What is r(-6)?
350
Let j(y) = -1886*y - 13562. Determine j(-7).
-360
Let s(d) = 251*d - 762. Give s(11).
1999
Let r(c) = -4*c**2 + 1051*c + 6442. Calculate r(-6).
-8
Let k(v) = 2654*v - 2654. Determine k(1).
0
Let m(r) = 197*r - 13992. Calculate m(71).
-5
Let k(d) = -2*d**2 + 25062*d - 1744543. Give k(70).
-3
Let z(m) = -3573*m - 6852. Determine z(-2).
294
Let b(r) = -2*r**3 + 481*r**2 - 1048*r + 79183. What is b(239)?
74
Let c(m) = -4806*m - 62326. Calculate c(-13).
152
Let o(d) = 7*d**2 + 23543*d - 47145. Give o(2).
-31
Let i(o) = -1722*o + 16855. Give i(10).
-365
Let s(w) = -w**2 - 173840*w - 1043006. Give s(-6).
-2
Let c(p) = 38*p**2 + 302*p + 17. Give c(-8).
33
Let l(k) = -2*k**3 - 12*k**2 - 1574*k - 12531. Determine l(-8).
317
Let l(b) = 2*b**2 - 176*b + 4149. Determine l(47).
295
Let i(b) = -b**3 + 192*b**2 + 2892*b - 1677. Determine i(206).
-29
Let d(h) = 2618*h - 9162. Give d(3).
-1308
Let o(k) = k**3 + 6*k**2 - 3002*k - 47867. Give o(-17).
-12
Let b(j) = -6*j**2 + 86*j + 202. Give b(19).
-330
Let j(z) = 4*z**3 + 36*z**2 - 42*z - 11. What is j(-10)?
9
Let y(r) = 1959*r + 36430. Determine y(-19).
-791
Let y(m) = -11*m**3 - 14*m**2 + 1749*m + 3489. Calculate y(-2).
23
Let p(r) = -4*r**2 - 725*r - 26684. Determine p(-124).
1712
Let l(q) = -54*q + 207. Determine l(-3).
369
Let h(q) = -3*q**2 - 772*q + 8025. Give h(10).
5
Let v(t) = -2*t**3 - 98*t**2 - 1157*t - 513. What is v(-30)?
-3
Let j(g) = 2079*g + 451312. Give j(-217).
169
Let n(q) = -1491*q**2 + 31340*q - 517. Determine n(21).
92
Let z(d) = -55*d**3 - 2*d**2 - d + 8. Determine z(2).
-442
Let s(b) = 3*b**2 + 131*b - 7762. What is s(-78)?
272
Let r(m) = -69*m**2 - 30299*m - 60600. Calculate r(-2).
-278
Let a(p) = 7*p**3 + 55*p**2 - 257*p + 16. What is a(7)?
3313
Let a(n) = -n**3 - 213*n**2 - 1652*n + 480. Determine a(-205).
2940
Let r(l) = -l**3 + 36*l**2 + 590*l + 38. What is r(-13)?
649
Let b(g) = g**3 - 149*g**2 + 4578*g - 2212. Give b(106).
-92
Let c(p) = -p**2 + 4635*p + 377214. What is c(-80)?
14
Let g(v) = -61*v**3 - 1878*v**2 + 399*v - 71. What is g(-31)?
53
Let o(v) = 6194933*v - 6194945. Give o(1).
-12
Let t(k) = -7*k**3 + 135*k**2 - 54*k - 178. Give t(19).
-482
Let j(g) = -99*g**3 + 160*g**2 + 167*g + 6. Determine j(-1).
98
Let s(h) = -h**3 + 36*h**2 - 213*h - 1091. Give s(13).
27
Let j(f) = -f**2 + 22*f - 140. Give j(23).
-163
Let m(h) = -h**3 + 102*h**2 + 219*h - 1107. What is m(104)?
37
Let a(r) = -r**2 - 242*r - 4530. Calculate a(-22).
310
Let f(y) = 38925*y + 778512. Give f(-20).
12
Let a(w) = -w**2 - 74*w - 1302. What is a(-45)?
3
Let z(a) = -8*a**2 + 125*a - 293. Calculate z(3).
10
Let w(m) = -2*m**2 + 13046*m - 634460. What is w(49)?
-8
Let t(z) = z**3 + 226*z**2 - 19*z - 4346. Calculate t(-226).
-52
Let t(c) = -484*c + 272963. Determine t(564).
-13
Let p(w) = 12*w**3 + 826*w**2 - 147*w - 583. Calculate p(-69).
38
Let l(s) = 6*s**3 - 31*s**2 + 912*s - 5569. Determine l(6).
83
Let n(q) = 313*q + 55721. Dete